3?
3, 613
List the prime factors of 3278532.
2, 3, 47, 5813
List the prime factors of 14002995.
3, 5, 467, 1999
List the prime factors of 3217557.
3, 7, 37, 41, 101
What are the prime factors of 758225?
5, 13, 2333
List the prime factors of 244075.
5, 13, 751
What are the prime factors of 105169?
251, 419
What are the prime factors of 2706227?
19, 142433
What are the prime factors of 193920?
2, 3, 5, 101
List the prime factors of 1677466.
2, 7, 17117
What are the prime factors of 1748708?
2, 13, 33629
List the prime factors of 32612.
2, 31, 263
List the prime factors of 24127.
23, 1049
What are the prime factors of 492517?
67, 7351
What are the prime factors of 1164570?
2, 3, 5, 11, 3529
List the prime factors of 148894.
2, 109, 683
List the prime factors of 988429.
13, 139, 547
List the prime factors of 841879.
841879
List the prime factors of 3080396.
2, 11, 70009
List the prime factors of 4339623.
3, 293, 4937
List the prime factors of 524642.
2, 262321
What are the prime factors of 848920?
2, 5, 19, 1117
What are the prime factors of 133740?
2, 3, 5, 743
List the prime factors of 5060433.
3, 7, 73, 3301
What are the prime factors of 7709793?
3, 7, 13, 31, 911
What are the prime factors of 10758062?
2, 7, 71, 79, 137
List the prime factors of 171832.
2, 47, 457
What are the prime factors of 29543?
31, 953
What are the prime factors of 189987?
3, 7, 83, 109
List the prime factors of 2901128.
2, 23, 15767
List the prime factors of 130802.
2, 7, 9343
What are the prime factors of 33007?
13, 2539
List the prime factors of 5248494.
2, 3, 43, 6781
What are the prime factors of 3868019?
3868019
List the prime factors of 228146.
2, 114073
What are the prime factors of 1995079?
53, 37643
List the prime factors of 7297247.
61, 119627
What are the prime factors of 6460339?
107, 173, 349
What are the prime factors of 2330338?
2, 911, 1279
List the prime factors of 9970001.
9970001
List the prime factors of 7315770.
2, 3, 5, 7, 11, 3167
What are the prime factors of 494972?
2, 17, 29, 251
What are the prime factors of 841867?
13, 31, 2089
List the prime factors of 151990.
2, 5, 15199
What are the prime factors of 20340426?
2, 3, 29, 139
List the prime factors of 1485961.
23, 53
List the prime factors of 3024926.
2, 521, 2903
What are the prime factors of 6536974?
2, 3268487
List the prime factors of 5654970.
2, 3, 5, 19, 3307
List the prime factors of 193003.
193003
List the prime factors of 84914.
2, 42457
List the prime factors of 521135.
5, 17, 6131
What are the prime factors of 11093702?
2, 1187, 4673
List the prime factors of 137100.
2, 3, 5, 457
What are the prime factors of 2045638?
2, 7, 146117
List the prime factors of 2373334.
2, 59, 20113
What are the prime factors of 1002533?
7, 197, 727
What are the prime factors of 131173?
7, 2677
What are the prime factors of 196457?
71, 2767
What are the prime factors of 415814?
2, 7, 4243
List the prime factors of 15500903.
11, 19, 74167
List the prime factors of 7222193.
11, 367, 1789
List the prime factors of 1324565.
5, 11, 24083
List the prime factors of 32939840.
2, 5, 79, 1303
List the prime factors of 7182666.
2, 3, 53, 7529
List the prime factors of 2176630.
2, 5, 307, 709
What are the prime factors of 15878945?
5, 3175789
List the prime factors of 100771.
11, 9161
List the prime factors of 2028526.
2, 1014263
What are the prime factors of 1255617?
3, 11, 1153
List the prime factors of 108312.
2, 3, 4513
What are the prime factors of 2209365?
3, 5, 29, 1693
What are the prime factors of 5409245?
5, 67, 241
List the prime factors of 4346737.
101, 43037
List the prime factors of 310764.
2, 3, 19, 29, 47
List the prime factors of 292428.
2, 3, 8123
List the prime factors of 6202273.
7, 11, 37, 311
What are the prime factors of 1296599?
97, 13367
List the prime factors of 22169349.
3, 241, 3407
List the prime factors of 303251.
13, 23327
What are the prime factors of 12936931?
7, 37717
What are the prime factors of 2467581?
3, 29, 113, 251
What are the prime factors of 110508?
2, 3, 9209
What are the prime factors of 70512?
2, 3, 13, 113
What are the prime factors of 416277?
3, 23, 2011
What are the prime factors of 404315?
5, 80863
What are the prime factors of 9788683?
37, 264559
List the prime factors of 628797.
3, 13, 23, 701
What are the prime factors of 174007?
174007
List the prime factors of 135801.
3, 79, 191
List the prime factors of 130236.
2, 3, 10853
What are the prime factors of 649265?
5, 129853
What are the prime factors of 1031102?
2, 139, 3709
List the prime factors of 127412.
2, 53, 601
List the prime factors of 17654316.
2, 3, 151, 9743
What are the prime factors of 4913786?
2, 157, 15649
What are the prime factors of 340185?
3, 5, 22679
What are the prime factors of 356552?
2, 7, 6367
List the prime factors of 763502.
2, 41, 9311
List the prime factors of 4603624.
2, 19, 31, 977
List the prime factors of 9696766.
2, 17, 285199
List the prime factors of 65952.
2, 3, 229
What are the prime factors of 693130?
2, 5, 69313
List the prime factors of 726939.
3, 37, 59
What are the prime factors of 87815?
5, 7, 13, 193
List the prime factors of 497517.
3, 383, 433
List the prime factors of 4389127.
1063, 4129
What are the prime factors of 487978?
2, 243989
What are the prime factors of 266700?
2, 3, 5, 7, 127
What are the prime factors of 27236110?
2, 5, 11, 247601
What are the prime factors of 610235?
5, 31, 127
What are the prime factors of 13805676?
2, 3, 193, 1987
List the prime factors of 47647.
29, 31, 53
What are the prime factors of 117891?
3, 13099
What are the prime factors of 1335980?
2, 5, 67, 997
What are the prime factors of 25687735?
5, 5137547
List the prime factors of 27048090.
2, 3, 5, 211, 4273
What are the prime factors of 379958?
2, 29, 6551
List the prime factors of 8190235.
5, 19, 73, 1181
What are the prime factors of 7796582?
2, 3898291
What are the prime factors of 13304837?
7, 13, 293, 499
List the prime factors of 412777.
17, 24281
List the prime factors of 2204274.
2, 3, 23, 15973
List the prime factors of 952851.
3, 317617
What are the prime factors of 5688813?
3, 13, 199, 733
List the prime factors of 5075913.
3, 97, 17443
What are the prime factors of 149330?
2, 5, 109, 137
What are the prime factors of 200990?
2, 5, 101, 199
What are the prime factors of 1166757?
3, 29, 13411
List the prime factors of 1246779.
3, 61, 757
List the prime factors of 4206926.
2, 61, 34483
List the prime factors of 60930.
2, 3, 5, 677
What are the prime factors of 2330315?
5, 13, 35851
List the prime factors of 198864.
2, 3, 1381
List the prime factors of 14822363.
14822363
List the prime factors of 263358.
2, 3, 4877
List the prime factors of 284414.
2, 13, 10939
What are the prime factors of 26155032?
2, 3, 1089793
List the prime factors of 3426085.
5, 13, 52709
What are the prime factors of 44627553?
3, 4958617
List the prime factors of 1586162.
2, 79, 10039
What are the prime factors of 25670317?
2897, 8861
What are the prime factors of 116215?
5, 11, 2113
What are the prime factors of 325526?
2, 37, 53, 83
List the prime factors of 25751133.
3, 103, 27779
What are the prime factors of 943877?
11, 53, 1619
What are the prime factors of 5844547?
5844547
What are the prime factors of 938019?
3, 312673
List the prime factors of 608324.
2, 152081
List the prime factors of 101347.
101347
List the prime factors of 569952.
2, 3, 1979
What are the prime factors of 202331?
19, 23, 463
List the prime factors of 15645624.
2, 3, 651901
List the prime factors of 8678914.
2, 4339457
List the prime factors of 5963493.
3, 211, 9421
List the prime factors of 2603761.
23, 79, 1433
What are the prime factors of 791651?
7, 113093
What are the prime factors of 222652?
2, 55663
List the prime factors of 271320.
2, 3, 5, 7, 17, 19
What are the prime factors of 142455?
3, 5, 9497
List the prime factors of 791464.
2, 19, 41, 127
List the prime factors of 317226.
2, 3, 7, 13, 83
What are the prime factors of 1350808?
2, 168851
What are the prime factors of 291527?
401, 727
What are the prime factors of 20657550?
2, 3, 5, 17, 8101
List the prime factors of 4082948.
2, 19, 31, 1733
List the prime factors of 1342106.
2, 353, 1901
List the prime factors of 842694.
2, 3, 140449
List the prime fact